 what is 10 - 10223405443?
-10223405433
In base 11, what is 82a78 + a5?
83072
In base 5, what is -42012120 - -21?
-42012044
In base 5, what is 3201001 + 11211?
3212212
In base 7, what is -35 + 2113316?
2113251
In base 3, what is -110010001101 + -102100?
-110010110201
In base 6, what is 354235 + -41333?
312502
In base 9, what is 256365 + 16?
256382
In base 10, what is 50500 + 540?
51040
In base 14, what is 4 + 38cc8b1?
38cc8b5
In base 12, what is 213b + a7?
2226
In base 15, what is -163d + -4ae59?
-4c597
In base 12, what is b6a - 1066?
-b8
In base 2, what is 10 + -1100111010000101001100100011?
-1100111010000101001100100001
In base 7, what is -5 + 316360255?
316360250
In base 13, what is -4641a54 - 4?
-4641a58
In base 3, what is -111 - -202202211211111?
202202211211000
In base 11, what is -4449270 + -7?
-4449277
In base 15, what is 58 - -30dad?
30e16
In base 4, what is 2020233002 - 1030?
2020231312
In base 6, what is -110 - -1142422?
1142312
In base 11, what is -19 - 2a02069?
-2a02087
In base 3, what is -1101100100 + -2010111?
-1110110211
In base 3, what is -2020 - 22120210?
-22200000
In base 16, what is 4e4dd - -44?
4e521
In base 3, what is -1 + -101100010121212000?
-101100010121212001
In base 10, what is 123222 - -421?
123643
In base 16, what is -3165 - -109a?
-20cb
In base 7, what is 3603 - 2632314?
-2625411
In base 2, what is 0 + 101001011100111000010100?
101001011100111000010100
In base 5, what is -1403010132 - 423?
-1403011110
In base 12, what is 367391 - 115?
367278
In base 4, what is 221202232033322 - -1?
221202232033323
In base 15, what is 6955cc - 2?
6955ca
In base 10, what is 162678 - -910?
163588
In base 10, what is -142759 - 1748?
-144507
In base 13, what is 2 + -11427781?
-1142777c
In base 15, what is -1e1e - 4db64?
-50a83
In base 2, what is -10101101011111000100 - -10?
-10101101011111000010
In base 8, what is 202243435 - 12?
202243423
In base 16, what is -2 + -16801b?
-16801d
In base 4, what is 1112223132 + 122?
1112223320
In base 11, what is 888238 - 42?
8881a6
In base 10, what is -27706 + 104?
-27602
In base 13, what is 0 - 128c721?
-128c721
In base 8, what is 300110 + -23?
300065
In base 9, what is 1807125 + -5?
1807120
In base 5, what is -132 + 111402334?
111402202
In base 6, what is -2 + -121300233?
-121300235
In base 16, what is -1f2d54 + -65?
-1f2db9
In base 13, what is 2c8 + -11c530?
-11c235
In base 2, what is -101100110 + -10010101110?
-11000010100
In base 10, what is 67162 + -2794?
64368
In base 4, what is -11 - -11331311132?
11331311121
In base 13, what is 5aa + -9c44?
-9667
In base 7, what is -2623 + 25352?
22426
In base 7, what is 111 - -44353440?
44353551
In base 2, what is -10010000100010000010011 + -1000000?
-10010000100010001010011
In base 6, what is -11151014205 + 5?
-11151014200
In base 7, what is 51 - 32506350?
-32506266
In base 6, what is 230 - 1222221?
-1221551
In base 5, what is -231 + -103311010?
-103311241
In base 11, what is 202 - -2312a?
23331
In base 16, what is -2848b31 + -6?
-2848b37
In base 9, what is -164 - 3771612?
-3771776
In base 2, what is -10011111110001101100 + -10010?
-10011111110001111110
In base 16, what is -5 + 3df78d?
3df788
In base 10, what is -25805 - -3705?
-22100
In base 7, what is -3011 - -205214?
202203
In base 7, what is -5 - -322406556?
322406551
In base 5, what is -3421 + -132120?
-141041
In base 15, what is 7 + -da484?
-da47c
In base 5, what is -10 + 22020410200?
22020410140
In base 9, what is 13177648 + -75?
13177563
In base 2, what is -1 + 110111101110100111000111100?
110111101110100111000111011
In base 15, what is 9a551 - -4?
9a555
In base 5, what is 2 - 1023040321011?
-1023040321004
In base 10, what is -34 - 23291842?
-23291876
In base 3, what is -222122 + -210112010?
-211111202
In base 8, what is -222057 - -7?
-222050
In base 4, what is -3010 - -111320110?
111311100
In base 6, what is -5035422 - -352?
-5035030
In base 9, what is 18171736 - 5?
18171731
In base 9, what is 28 - 861287?
-861258
In base 16, what is 817b1 - 1?
817b0
In base 14, what is -1c594 - -1194?
-1b400
In base 6, what is -155155432 + -2?
-155155434
In base 8, what is 2 - 4257721?
-4257717
In base 5, what is 124432 - -11242321?
11422303
In base 7, what is -6 - -234132614?
234132605
In base 10, what is 5 + -3058?
-3053
In base 4, what is 3321 + -10312100231?
-10312030310
In base 4, what is 110233200033 + 2?
110233200101
In base 5, what is -231 - 1021122304?
-1021123040
In base 14, what is -3a + -a15d6?
-a1632
In base 9, what is 4 + -210882?
-210877
In base 8, what is -244 + 1143165?
1142721
In base 6, what is 313542 - -4145?
322131
In base 12, what is a672001 - -2?
a672003
In base 15, what is 14 - b343c?
-b3428
In base 15, what is 390a + d729?
12134
In base 12, what is 91 - -548b?
5560
In base 3, what is 1 + 11112202102102?
11112202102110
In base 8, what is -604603 - 27?
-604632
In base 2, what is 1110001010101000001111110010 + 101?
1110001010101000001111110111
In base 11, what is -300 + -14906?
-15106
In base 16, what is 601f7 + 41f?
60616
In base 4, what is -200300233 - -3302?
-200230331
In base 14, what is 23c946a + -4?
23c9466
In base 5, what is 10243 + -113130?
-102332
In base 13, what is 30c - -1648b?
1679a
In base 4, what is -10 + -2211212201?
-2211212211
In base 10, what is 1139 + 181000?
182139
In base 14, what is 83951 - -63?
839b4
In base 7, what is -56124 + -2452?
-61606
In base 13, what is -4 + 6317203?
63171cc
In base 4, what is -21 - -20111311?
20111230
In base 14, what is -541b1c48 - -1?
-541b1c47
In base 7, what is 0 + 255350423?
255350423
In base 8, what is -1245 + 136254?
135007
In base 14, what is 6b + -c6166?
-c60d9
In base 11, what is -146 - -31895a?
318814
In base 13, what is 474c33 - -11?
474c44
In base 8, what is -15503 - -1000?
-14503
In base 4, what is -2023 - -30110201?
30102112
In base 11, what is -2a2 - -8026?
7834
In base 2, what is -1001100100101 + -10100100?
-1001111001001
In base 6, what is -4 + -43215134?
-43215142
In base 8, what is -20 - 623457?
-623477
In base 6, what is 15121 - 30412?
-11251
In base 16, what is 12 - -11a32d?
11a33f
In base 10, what is -535364 + 18?
-535346
In base 6, what is 245001410 + -11?
245001355
In base 7, what is -215 + -402355?
-402603
In base 12, what is a08 - -415?
1221
In base 6, what is -5021 + 11312?
2251
In base 3, what is -10 + -21022111022212?
-21022111022222
In base 11, what is 0 + -6834684?
-6834684
In base 13, what is 230ba7b - 28?
230ba53
In base 16, what is 200c - -c4?
20d0
In base 6, what is -10530405550 - 3?
-10530405553
In base 10, what is 37076 + -4679?
32397
In base 11, what is -297941 - 86?
-297a17
In base 3, what is -11002121 + -20112221?
-101122112
In base 5, what is 40113444 - -2111?
40121110
In base 12, what is 2 + ba35366?
ba35368
In base 13, what is 456c6 + 20?
45716
In base 10, what is 4 - -259587456?
259587460
In base 16, what is 1 - 2420?
-241f
In base 15, what is -1242 + -4ee?
-1741
In base 16, what is 1643 - -145f9?
15c3c
In base 6, what is -4121000 + 2234?
-4114322
In base 12, what is -261a1a40 - -5?
-261a1a37
In base 3, what is 1001021 - -1000011200?
1001012221
In base 4, what is -210330102 + 2310?
-210321132
In base 14, what is 894bcd1 + -4?
894bccb
In base 10, what is 96 - -321?
417
In base 16, what is -79 + 93e0b4?
93e03b
In base 15, what is 2 + 3d0d848?
3d0d84a
In base 2, what is 0 + -101111001100001111000?
-101111001100001111000
In base 2, what is 1010111001010011100000001 + 100?
1010111001010011100000101
In base 14, what is -ad34a0 - -1?
-ad349d
In base 15, what is 26d5 + 107?
27dc
In base 5, what is -114230422340 + 2?
-114230422333
In base 9, what is -408 - 288?
-707
In base 16, what is -82b5 - 307?
-85bc
In base 7, what is 42213611 - -25?
42213636
In base 6, what is 555550 - -5221?
1005211
In base 10, what is -131063 - -202?
-130861
In base 14, what is -1c94 - -17c?
-1b16
In base 4, what is 1210 + -302103332?
-302102122
In base 16, what is -bb8 - -12ae?
6f6
In base 16, what is -13b - 24b1?
-25ec
In base 3, what is -2 + 10002112110011?
10002112110002
In base 3, what is 1001110 - 10102110?
-2101000
In base 14, what is 1450 - -18b17?
1a167
In base 15, what is -8a - -e1e71?
e1dd6
In base 4, what is -1101122100 - -120210?
-1101001230
In base 5, what is 4142012422 - -3?
4142012430
In base 11, what is -474 - 